85486?
8
What is the hundred thousands digit of 1709497?
7
What is the hundreds digit of 17884391?
3
What is the hundred thousands digit of 6196540?
1
What is the tens digit of 1210212?
1
What is the millions digit of 14788439?
4
What is the hundreds digit of 312548?
5
What is the thousands digit of 1375138?
5
What is the ten thousands digit of 901312?
0
What is the units digit of 89835?
5
What is the hundred thousands digit of 10530987?
5
What is the units digit of 6235081?
1
What is the hundreds digit of 528260?
2
What is the units digit of 24689753?
3
What is the ten thousands digit of 1650962?
5
What is the ten thousands digit of 178042?
7
What is the units digit of 90102?
2
What is the ten thousands digit of 1836255?
3
What is the hundred thousands digit of 13623742?
6
What is the ten thousands digit of 5548466?
4
What is the units digit of 150146?
6
What is the ten thousands digit of 941422?
4
What is the millions digit of 5675563?
5
What is the ten thousands digit of 22210164?
1
What is the hundred thousands digit of 13407256?
4
What is the units digit of 1464948?
8
What is the thousands digit of 50113?
0
What is the units digit of 1908535?
5
What is the units digit of 1005525?
5
What is the tens digit of 1803?
0
What is the ten thousands digit of 368245?
6
What is the tens digit of 834257?
5
What is the millions digit of 1983863?
1
What is the tens digit of 7463082?
8
What is the units digit of 897432?
2
What is the hundred thousands digit of 170415?
1
What is the hundred thousands digit of 520384?
5
What is the millions digit of 1636264?
1
What is the units digit of 160110?
0
What is the hundred thousands digit of 464343?
4
What is the tens digit of 1081930?
3
What is the millions digit of 1444987?
1
What is the hundreds digit of 1053332?
3
What is the hundred thousands digit of 20030775?
0
What is the thousands digit of 7053053?
3
What is the hundreds digit of 1823041?
0
What is the hundreds digit of 497391?
3
What is the tens digit of 401167?
6
What is the hundreds digit of 104395?
3
What is the tens digit of 167402?
0
What is the hundred thousands digit of 898459?
8
What is the tens digit of 17266737?
3
What is the hundreds digit of 882643?
6
What is the hundred thousands digit of 357040?
3
What is the thousands digit of 19885677?
5
What is the ten thousands digit of 4384560?
8
What is the ten thousands digit of 487044?
8
What is the thousands digit of 23120144?
0
What is the hundreds digit of 8527555?
5
What is the tens digit of 5957927?
2
What is the hundred thousands digit of 110126?
1
What is the tens digit of 1921347?
4
What is the hundred thousands digit of 7995878?
9
What is the thousands digit of 850454?
0
What is the ten thousands digit of 220293?
2
What is the millions digit of 1395320?
1
What is the ten thousands digit of 115304?
1
What is the units digit of 123607?
7
What is the thousands digit of 3251533?
1
What is the hundred thousands digit of 437047?
4
What is the thousands digit of 9556021?
6
What is the hundreds digit of 6969?
9
What is the millions digit of 5379517?
5
What is the tens digit of 485827?
2
What is the units digit of 4460?
0
What is the ten thousands digit of 3056404?
5
What is the hundred thousands digit of 1412627?
4
What is the ten thousands digit of 6109208?
0
What is the hundred thousands digit of 366958?
3
What is the hundreds digit of 118618?
6
What is the ten thousands digit of 7920417?
2
What is the tens digit of 702096?
9
What is the thousands digit of 312929?
2
What is the tens digit of 6341809?
0
What is the units digit of 178700?
0
What is the tens digit of 104459?
5
What is the tens digit of 22066875?
7
What is the thousands digit of 315857?
5
What is the hundred thousands digit of 22426243?
4
What is the thousands digit of 93056?
3
What is the tens digit of 163683?
8
What is the units digit of 11033341?
1
What is the ten thousands digit of 893993?
9
What is the thousands digit of 5769680?
9
What is the millions digit of 6550125?
6
What is the hundred thousands digit of 1507165?
5
What is the ten thousands digit of 771225?
7
What is the tens digit of 292859?
5
What is the hundreds digit of 148682?
6
What is the hundred thousands digit of 2568675?
5
What is the ten thousands digit of 2261768?
6
What is the hundred thousands digit of 342904?
3
What is the hundreds digit of 115803?
8
What is the thousands digit of 17995165?
5
What is the tens digit of 63384?
8
What is the ten millions digit of 16011621?
1
What is the ten thousands digit of 421891?
2
What is the hundreds digit of 663299?
2
What is the ten thousands digit of 4784715?
8
What is the tens digit of 27475800?
0
What is the tens digit of 863053?
5
What is the thousands digit of 944918?
4
What is the hundreds digit of 35867?
8
What is the hundreds digit of 168812?
8
What is the tens digit of 35146?
4
What is the units digit of 5032830?
0
What is the units digit of 6595757?
7
What is the thousands digit of 612935?
2
What is the hundred thousands digit of 727420?
7
What is the hundreds digit of 315686?
6
What is the units digit of 2519542?
2
What is the ten thousands digit of 82497?
8
What is the ten thousands digit of 407891?
0
What is the hundreds digit of 32549522?
5
What is the hundreds digit of 87947?
9
What is the thousands digit of 111773?
1
What is the ten thousands digit of 242681?
4
What is the hundreds digit of 2154656?
6
What is the thousands digit of 521584?
1
What is the millions digit of 4560794?
4
What is the ten thousands digit of 29815689?
1
What is the ten thousands digit of 267774?
6
What is the tens digit of 106086?
8
What is the tens digit of 1753800?
0
What is the hundreds digit of 11474545?
5
What is the units digit of 1472040?
0
What is the hundred thousands digit of 371361?
3
What is the hundreds digit of 9777517?
5
What is the units digit of 31695?
5
What is the hundreds digit of 264428?
4
What is the units digit of 4352734?
4
What is the units digit of 17890865?
5
What is the ten thousands digit of 3189337?
8
What is the tens digit of 40793388?
8
What is the millions digit of 15276705?
5
What is the hundreds digit of 4708618?
6
What is the thousands digit of 495910?
5
What is the hundreds digit of 344989?
9
What is the units digit of 378372?
2
What is the units digit of 34634559?
9
What is the ten thousands digit of 321376?
2
What is the thousands digit of 21885894?
5
What is the millions digit of 3638282?
3
What is the tens digit of 84402?
0
What is the hundreds digit of 165832?
8
What is the units digit of 311098?
8
What is the tens digit of 255029?
2
What is the hundred thousands digit of 6886913?
8
What is the hundreds digit of 3802679?
6
What is the thousands digit of 904170?
4
What is the thousands digit of 1012223?
2
What is the hundred thousands digit of 465304?
4
What is the tens digit of 549240?
4
What is the tens digit of 14793154?
5
What is the ten thousands digit of 862347?
6
What is the ten thousands digit of 621784?
2
What is the ten thousands digit of 1501510?
0
What is the ten thousands digit of 21551379?
5
What is the ten thousands digit of 243775?
4
What is the ten thousands digit of 120630?
2
What is the thousands digit of 1745061?
5
What is the thousands digit of 2522121?
2
What is the units digit of 5940549?
9
What is the millions digit of 4373056?
4
What is the hundreds digit of 5957258?
2
What is the tens digit of 428994?
9
What is the hundreds digit of 2253319?
3
What is the hundreds digit of 2436368?
3
What is the hundreds digit of 3036968?
9
What is the units digit of 27280281?
1
What is the tens digit of 3416?
1
What is the thousands digit of 743787?
3
What is the ten thousands digit of 438612?
3
What is the units digit of 8406534?
4
What is the hundred thousands digit of 8196270?
1
What is the hundreds digit of 327146?
1
What is the hundred thousands digit of 3148515?
1
What is the hundreds digit of 362420?
4
What is the thousands digit of 59511?
9
What is the hundreds digit of 708121?
1
What is the hundred thousands digit of 143821?
1
What is the tens digit of 1685045?
4
What is the thousands digit of 600334?
0
What is the tens digit of 161793?
9
What is the tens digit of 168503?
0
What is the thousands digit of 151866?
1
What is the hundreds digit of 3607093?
0
What is t